ase 13) to base 16
-478ee
34a13 (base 13) to base 8
273661
Convert 22585a (base 11) to base 9.
606488
Convert 1103351430 (base 6) to base 9.
24388360
What is 242565 (base 8) in base 7?
464623
Convert -1419896 (base 11) to base 4.
-21110203002
Convert 106b2be (base 16) to base 12.
59230a6
What is b13c25 (base 13) in base 9?
7671481
12112120100111 (base 3) to base 15
3d243d
What is 1b70a2 (base 15) in base 5?
320340102
126218 (base 9) to base 15
17aee
Convert -139b9 (base 15) to base 11.
-43327
2113044034 (base 5) to base 2
10000111000010010111110
-14b6b86 (base 12) to base 8
-20065026
-167115 (base 9) to base 3
-12021010112
Convert -146866 (base 15) to base 11.
-612345
Convert -440406 (base 8) to base 4.
-210010012
Convert 2a4b3 (base 12) to base 7.
335235
What is 72356702 (base 8) in base 3?
1001211200020000
Convert 10101100010100010111 (base 2) to base 6.
23043355
Convert a6b41 (base 12) to base 14.
59d29
11ac6 (base 14) to base 2
1010100100011110
Convert 20210030 (base 4) to base 2.
1000100100001100
Convert 3103630 (base 8) to base 10.
821144
-45231 (base 14) to base 12
-8114b
What is -3100244 (base 6) in base 2?
-100100000110000100
Convert -110011000100001000101 (base 2) to base 12.
-688405
Convert 2002305 (base 6) to base 15.
1cc22
Convert -97452 (base 10) to base 15.
-1dd1c
What is 123e02 (base 15) in base 11?
547637
Convert -1424023 (base 6) to base 15.
-19106
Convert 25b69a4 (base 12) to base 7.
120242434
Convert -1114234010 (base 5) to base 6.
-125233405
2617433 (base 10) to base 4
21333001121
What is 28ac1 (base 13) in base 10?
76545
What is 4312131 (base 6) in base 3?
101202110001
Convert 24520 (base 12) to base 15.
e853
What is -549065 (base 13) in base 9?
-3663478
What is -207023 (base 8) in base 14?
-1b2a7
Convert -51720 (base 13) to base 10.
-146211
Convert -500547 (base 12) to base 15.
-198d0a
-30653225 (base 7) to base 8
-11670056
Convert 1b7253 (base 13) to base 2.
10101011001101000001
-631a4 (base 12) to base 5
-13123433
Convert -71740402 (base 8) to base 6.
-1301311510
What is c1a10 (base 14) in base 8?
1615456
What is -100212121111012 (base 3) in base 2?
-10100000001001011010010
What is 5d42 (base 16) in base 11?
16a34
Convert -14605444 (base 7) to base 4.
-11111002330
Convert -1031203322 (base 5) to base 8.
-10334055
What is -461551 (base 7) in base 10?
-82258
Convert 33807 (base 11) to base 8.
137373
-23095 (base 10) to base 14
-85b9
Convert -760120 (base 8) to base 3.
-110220110121
Convert 140625 (base 9) to base 8.
247452
-2074743 (base 10) to base 3
-10220102000100
Convert -6291a3 (base 12) to base 16.
-17a7cb
Convert 420123 (base 8) to base 5.
13424342
What is -1018788 (base 9) in base 5?
-114410411
-10022304 (base 5) to base 9
-131300
Convert 212001212211 (base 3) to base 4.
1232313001
-666aa (base 12) to base 11
-93015
-31201011331 (base 4) to base 8
-15410575
What is -16620054 (base 7) in base 10?
-1635120
-54db1 (base 15) to base 14
-70416
What is -4229c1 (base 16) in base 8?
-20424701
Convert -3a3d26 (base 16) to base 14.
-714d26
What is 546061 (base 9) in base 2?
1001111100100011110
Convert 62157234 (base 8) to base 5.
11332223223
Convert 31044 (base 7) to base 14.
2a94
Convert 56851 (base 9) to base 6.
451201
3453402 (base 7) to base 2
1101001110011111111
What is -13033552 (base 6) in base 9?
-716455
What is -17d846 (base 14) in base 12?
-348546
What is 2026868 (base 9) in base 2?
100000111111100000000
Convert 3314415 (base 6) to base 16.
286eb
Convert 1441451 (base 7) to base 11.
123604
What is 2119433 (base 11) in base 13?
a084a1
Convert -809421 (base 12) to base 9.
-3687737
Convert 2466222 (base 7) to base 6.
10501200
30201330 (base 4) to base 10
51324
-141415341 (base 6) to base 5
-1214122004
What is 960ab (base 12) in base 6?
4120335
Convert 257bb23 (base 12) to base 11.
4192148
21201122122 (base 3) to base 14
3d60c
200020202010 (base 3) to base 9
606663
What is 114862 (base 10) in base 14?
2dc06
Convert -1011010101110001011011 (base 2) to base 11.
-1750532
Convert -785755 (base 9) to base 8.
-1626115
Convert -407470 (base 8) to base 5.
-13304333
What is -348240 (base 9) in base 16?
-3320d
What is 1398660 (base 10) in base 15?
1c9640
-11394 (base 16) to base 14
-1b9d2
Convert -101111211020101 (base 3) to base 6.
-315423231
2055542 (base 12) to base 11
3486881
760200 (base 8) to base 6
5240144
-201014445 (base 6) to base 15
-474c9b
What is -14102313 (base 5) in base 16?
-232d3
Convert 31028a (base 11) to base 10.
498134
Convert 91a69 (base 12) to base 15.
3b3d3
-101000012011 (base 3) to base 6
-4115521
What is 10221340311 (base 5) in base 14?
15d4870
Convert 3371025 (base 8) to base 14.
19b0d7
-2200156 (base 7) to base 15
-54a87
ee50b8 (base 16) to base 6
1314430344
52b12 (base 15) to base 16
400df
What is 2101023002 (base 4) in base 7?
5024414
Convert -4250d (base 15) to base 16.
-335d4
-21230402 (base 5) to base 15
-3856c
What is 52049 (base 12) in base 7?
624342
Convert 3a8066 (base 11) to base 12.
26a64b
Convert 333100111 (base 5) to base 10.
1456281
What is 22000320 (base 4) in base 5?
2303031
Convert 2b920 (base 13) to base 14.
2228c
Convert -37370 (base 14) to base 2.
-100000111111100110
What is -825660 (base 10) in base 13?
-22ba74
What is 11023111 (base 4) in base 16?
52d5
What is 5360018 (base 10) in base 6?
310514522
1f240 (base 16) to base 15
27bd7
-110143441 (base 6) to base 15
-28ea54
96c5b (base 13) to base 6
5500451
What is -4561697 (base 11) in base 14?
-10ba9da
Convert -aa9c6d (base 14) to base 16.
-585769
Convert 30a8b3 (base 14) to base 6.
55112445
What is -1d2b9 (base 14) in base 9?
-123346
-1041140410 (base 5) to base 3
-11022012010222
What is 180a740 (base 11) in base 5?
1241333140
10021120 (base 5) to base 13
2a281
Convert -2e5b4 (base 16) to base 9.
-318413
Convert 7df3 (base 16) to base 11.
22252
Convert -10120110222121 (base 3) to base 9.
-3513877
-1115880 (base 9) to base 11
-380942
-224050005 (base 6) to base 13
-b0c981
3bfec1 (base 16) to base 7
45264044
What is 720614 (base 13) in base 3?
11222222222222
What is -1294d2 (base 15) in base 10?
-892097
Convert 4501a9 (base 13) to base 8.
6154175
-a7fd (base 16) to base 5
-2334010
Convert 283083 (base 12) to base 2.
10100011010010100011
What is 52097 (base 14) in base 12?
964b1
What is -981563 (base 10) in base 11?
-610510
Convert -1011000011001110 (base 2) to base 3.
-2022002101
What is 84558 (base 16) in base 10?
542040
-11cba4 (base 14) to base 9
-1131688
Convert 1425231 (base 7) to base 10.
191514
101011101001011111001 (base 2) to base 6
50353333
Convert -8a722 (base 12) to base 16.
-2cf8a
Convert 62625 (base 14) to base 7.
2005345
Convert 100111100010000010101101 (base 2) to base 6.
1010041033
What is -25256332 (base 7) in base 14?
-4360c2
What is -7229a (base 13) in base 2?
-110001111111110010
1151059 (base 12) to base 4
30233200011
What is -10121200222 (base 5) in base 7?
-153561361
What is 100110111001011111101000 (base 2) in base 12?
34b9034
-77544 (base 13) to base 4
-310302033
-117884 (base 9) to base 14
-1c069
Convert 6425434 (base 9) to base 13.
936886
Convert -44334145 (base 7) to base 8.
-16454346
436 (base 13) to base 12
501
Convert -172990 (base 10) to base 4.
-222032332
Convert -1ec2fb (base 16) to base 9.
-3712374
What is 11102320033 (base 4) in base 6?
45430051
-4372652 (base 9) to base 8
-10757355
What is 12373a (base 15) in base 12?
360a24
What is 455335 (base 8) in base 11?
a5a53
Convert -3101213222 (base 4) to base 8.
-3214752
-220202200 (base 3) to base 8
-43206
24805185 (base 9) to base 10
12167897
What is -166192 (base 11) in base 2?
-111110110001010001
What is 1840131 (base 10) in base 16?
1c1403
846250 (base 10) to base 12
34988a
886537 (base 12) to base 14
405d7d
Convert 583369 (base 10) to base 12.
241721
What is 13232232331 (base 4) in base 7?
23136646
What is 120001100221 (base 3) in base 5?
33434432
Convert -265067 (base 9) to base 7.
-1240612
What is 12441113 (base 5) in base 8?
363165
What is a567d (base 15) in base 3?
222122121101
What is 1001000110001101011011 (base 2) in base 13?
6565ab
25742362 (base 8) to base 10
5752050
-1ad31 (base 14) to base 5
-4142242
What is 1031232303 (base 4) in base 15?
6450c
Convert 4574a9 (base 12) to base 6.
35455133
1618711 (base 9) to base 2
11011011011010